{"id":2394,"date":"2025-07-01T13:41:14","date_gmt":"2025-07-01T11:41:14","guid":{"rendered":"https:\/\/veracruzdemontilla.com\/?page_id=2394"},"modified":"2025-07-01T13:46:01","modified_gmt":"2025-07-01T11:46:01","slug":"cartel-magnovcor25","status":"publish","type":"page","link":"https:\/\/veracruzdemontilla.com\/?page_id=2394","title":{"rendered":"Cartel MagnoVCOR25"},"content":{"rendered":"<div class=\"wp-block-image\">\n<figure class=\"aligncenter size-large\"><a href=\"https:\/\/i0.wp.com\/veracruzdemontilla.com\/wp-content\/uploads\/2025\/06\/Cartel-anunciador.jpeg\"><img data-attachment-id=\"2376\" data-permalink=\"https:\/\/veracruzdemontilla.com\/?attachment_id=2376\" data-orig-file=\"https:\/\/i0.wp.com\/veracruzdemontilla.com\/wp-content\/uploads\/2025\/06\/Cartel-anunciador.jpeg?fit=1024%2C2048&amp;ssl=1\" data-orig-size=\"1024,2048\" data-comments-opened=\"0\" data-image-meta=\"{&quot;aperture&quot;:&quot;0&quot;,&quot;credit&quot;:&quot;&quot;,&quot;camera&quot;:&quot;&quot;,&quot;caption&quot;:&quot;&quot;,&quot;created_timestamp&quot;:&quot;0&quot;,&quot;copyright&quot;:&quot;&quot;,&quot;focal_length&quot;:&quot;0&quot;,&quot;iso&quot;:&quot;0&quot;,&quot;shutter_speed&quot;:&quot;0&quot;,&quot;title&quot;:&quot;&quot;,&quot;orientation&quot;:&quot;0&quot;}\" data-image-title=\"Cartel anunciador\" data-image-description=\"\" data-image-caption=\"\" data-medium-file=\"https:\/\/i0.wp.com\/veracruzdemontilla.com\/wp-content\/uploads\/2025\/06\/Cartel-anunciador.jpeg?fit=150%2C300&amp;ssl=1\" data-large-file=\"https:\/\/i0.wp.com\/veracruzdemontilla.com\/wp-content\/uploads\/2025\/06\/Cartel-anunciador.jpeg?fit=512%2C1024&amp;ssl=1\" loading=\"lazy\" width=\"512\" height=\"1024\" src=\"https:\/\/i0.wp.com\/veracruzdemontilla.com\/wp-content\/uploads\/2025\/06\/Cartel-anunciador.jpeg?resize=512%2C1024\" alt=\"\" class=\"wp-image-2376\" srcset=\"https:\/\/i0.wp.com\/veracruzdemontilla.com\/wp-content\/uploads\/2025\/06\/Cartel-anunciador.jpeg?resize=512%2C1024&amp;ssl=1 512w, https:\/\/i0.wp.com\/veracruzdemontilla.com\/wp-content\/uploads\/2025\/06\/Cartel-anunciador.jpeg?resize=150%2C300&amp;ssl=1 150w, https:\/\/i0.wp.com\/veracruzdemontilla.com\/wp-content\/uploads\/2025\/06\/Cartel-anunciador.jpeg?resize=768%2C1536&amp;ssl=1 768w, https:\/\/i0.wp.com\/veracruzdemontilla.com\/wp-content\/uploads\/2025\/06\/Cartel-anunciador.jpeg?resize=600%2C1200&amp;ssl=1 600w, https:\/\/i0.wp.com\/veracruzdemontilla.com\/wp-content\/uploads\/2025\/06\/Cartel-anunciador.jpeg?w=1024&amp;ssl=1 1024w\" sizes=\"(max-width: 512px) 100vw, 512px\" data-recalc-dims=\"1\" \/><\/a><figcaption>Autor: Rafael Laureano<\/figcaption><\/figure>\n<\/div>\n","protected":false},"excerpt":{"rendered":"","protected":false},"author":1,"featured_media":0,"parent":0,"menu_order":0,"comment_status":"closed","ping_status":"closed","template":"","meta":{"advanced_seo_description":"","spay_email":""},"wpmagazine_modules_lite_featured_media_urls":{"thumbnail":"","cvmm-medium":"","cvmm-medium-plus":"","cvmm-portrait":"","cvmm-medium-square":"","cvmm-large":"","cvmm-small":"","full":""},"categories_names":null,"comments_number":"0","jetpack_sharing_enabled":true,"jetpack_shortlink":"https:\/\/wp.me\/P9INPk-CC","jetpack_likes_enabled":true,"jetpack-related-posts":[{"id":2390,"url":"https:\/\/veracruzdemontilla.com\/?page_id=2390","url_meta":{"origin":2394,"position":0},"title":"Presentaci\u00f3n MagnoVCOR25","date":"1 julio, 2025","format":false,"excerpt":"https:\/\/www.youtube.com\/watch?v=m_EyTHBORrA Presentaci\u00f3n del MagnoVCOR25 en el sal\u00f3n del trono del Palacio Episcopal 26\/06\/2025","rel":"","context":"Entrada similar","img":{"alt_text":"","src":"https:\/\/i2.wp.com\/img.youtube.com\/vi\/m_EyTHBORrA\/0.jpg?resize=350%2C200","width":350,"height":200},"classes":[]},{"id":2392,"url":"https:\/\/veracruzdemontilla.com\/?page_id=2392","url_meta":{"origin":2394,"position":1},"title":"V\u00eddeo promocional MagnoVCOR25","date":"1 julio, 2025","format":false,"excerpt":"Realizado por La Sangre y La Gloria","rel":"","context":"Entrada similar","img":{"alt_text":"","src":"","width":0,"height":0},"classes":[]},{"id":1543,"url":"https:\/\/veracruzdemontilla.com\/?page_id=1543","url_meta":{"origin":2394,"position":2},"title":"Exaltaci\u00f3n de las Siete Palabras","date":"11 abril, 2018","format":false,"excerpt":"-2025-Gonzalo de Alvear y \u00c1lvarez de Toledo -2024-Rosa Gallardo Cobos-2023-Eulalio Fern\u00e1ndez S\u00e1nchez-2022-Fernando Santos Urbaneja-2021-Mar\u00eda Jos\u00e9Mu\u00f1oz L\u00f3pez-2019-Francisco Montes Tub\u00edo-2018-Ildefonso Casas Nieto-2017-Manuel Ruz Feria-2016-Jes\u00fas Cabrera Jim\u00e9nez-2015-Manuel P\u00e9laez del Rosal-2014-Fray Rub\u00e9n Moreno Camu\u00f1as-2013-Miguel Rodr\u00edguez-Pantoja M\u00e1rquez-2012-Miguel Varona Villar-2011-Antonio Bellido Navarro-2010-Vicente Garc\u00eda Caviedes-2009-\u00c1lvaro Mart\u00ednez Moreno-2008-Francisco Garc\u00eda-Calabr\u00e9s Cobo-2007-Antonio Gil Moreno","rel":"","context":"Entrada similar","img":{"alt_text":"Cartel de la Exaltaci\u00f3n de las Siete Palabras 2025","src":"https:\/\/i1.wp.com\/veracruzdemontilla.com\/wp-content\/uploads\/2025\/03\/E7P-VERACUZ-2025-scaled.jpg?resize=350%2C200&ssl=1","width":350,"height":200},"classes":[]},{"id":801,"url":"https:\/\/veracruzdemontilla.com\/?page_id=801","url_meta":{"origin":2394,"position":3},"title":"Horario de Verano &#8211; Montilla","date":"5 mayo, 2014","format":false,"excerpt":"DE MAYO A SEPTIEMBRE MA\u00d1ANAS LABORABLES FESTIVOS 8:00 Santa Clara 8:30 Santa Ana (Lun-Vier) 9:00 Asilo S. Rafael 9:00 San Juan de \u00c1vila Santa Clara 9:00 San Juan de \u00c1vila 10:00 Asilo S. Rafael 10:00 Sagrada Familia 11:00 El Santo (May \u2013 Jun) (Jul \u2013 Sept) 11:15 10:30 La Asunci\u00f3n\u2026","rel":"","context":"Entrada similar","img":{"alt_text":"","src":"","width":0,"height":0},"classes":[]},{"id":957,"url":"https:\/\/veracruzdemontilla.com\/?page_id=957","url_meta":{"origin":2394,"position":4},"title":"Horario de Invierno &#8211; Montilla","date":"26 octubre, 2014","format":false,"excerpt":"DE OCTUBRE\u00a0A\u00a0ABRIL MA\u00d1ANAS LABORABLES FESTIVOS 8:00 Convento de Santa Clara 8:30 Convento de Santa Ana (Lun-Vier) 9:00 Asilo de San Rafael 9:00 Bas\u00edlica San Juan de \u00c1vila Convento de Santa Clara 9:00 Bas\u00edlica San Juan de \u00c1vila 10:00 Asilo de San Rafael 10:00 Ermita de la Sagrada Familia 11:00 Parroquia\u2026","rel":"","context":"Entrada similar","img":{"alt_text":"","src":"","width":0,"height":0},"classes":[]},{"id":1783,"url":"https:\/\/veracruzdemontilla.com\/?page_id=1783","url_meta":{"origin":2394,"position":5},"title":"Divulgaci\u00f3n","date":"30 diciembre, 2021","format":false,"excerpt":"Pieza destacada. Seminario de Escultura Virreinal de la Universidad Nacional Aut\u00f3noma de M\u00e9xico C\u00e1psula sobre el Cristo de Zacatecas: crucificado ligero novohispano en ca\u00f1a de ma\u00edz \u00a0 Conferencia: \"Con todo lo que conlleva: la materialidad en las artes hispanoamericanas\" Conferencia impartida por Pablo Francisco Amador (Universidad Nacional Aut\u00f3noma de M\u00e9xico)\u2026","rel":"","context":"Entrada similar","img":{"alt_text":"","src":"https:\/\/i1.wp.com\/img.youtube.com\/vi\/\/0.jpg?resize=350%2C200","width":350,"height":200},"classes":[]}],"_links":{"self":[{"href":"https:\/\/veracruzdemontilla.com\/index.php?rest_route=\/wp\/v2\/pages\/2394"}],"collection":[{"href":"https:\/\/veracruzdemontilla.com\/index.php?rest_route=\/wp\/v2\/pages"}],"about":[{"href":"https:\/\/veracruzdemontilla.com\/index.php?rest_route=\/wp\/v2\/types\/page"}],"author":[{"embeddable":true,"href":"https:\/\/veracruzdemontilla.com\/index.php?rest_route=\/wp\/v2\/users\/1"}],"replies":[{"embeddable":true,"href":"https:\/\/veracruzdemontilla.com\/index.php?rest_route=%2Fwp%2Fv2%2Fcomments&post=2394"}],"version-history":[{"count":2,"href":"https:\/\/veracruzdemontilla.com\/index.php?rest_route=\/wp\/v2\/pages\/2394\/revisions"}],"predecessor-version":[{"id":2399,"href":"https:\/\/veracruzdemontilla.com\/index.php?rest_route=\/wp\/v2\/pages\/2394\/revisions\/2399"}],"wp:attachment":[{"href":"https:\/\/veracruzdemontilla.com\/index.php?rest_route=%2Fwp%2Fv2%2Fmedia&parent=2394"}],"curies":[{"name":"wp","href":"https:\/\/api.w.org\/{rel}","templated":true}]}}

Presentación MagnoVCOR25

https://www.youtube.com/watch?v=m_EyTHBORrA Presentación del MagnoVCOR25 en el salón del trono del Palacio Episcopal 26/06/2025

Vídeo promocional MagnoVCOR25

Exaltación de las Siete Palabras

-2025-Gonzalo de Alvear y Álvarez de Toledo -2024-Rosa Gallardo Cobos-2023-Eulalio Fernández Sánchez-2022-Fernando Santos Urbaneja-2021-María JoséMuñoz López-2019-Francisco Montes Tubío-2018-Ildefonso Casas Nieto-2017-Manuel Ruz Feria-2016-Jesús Cabrera Jiménez-2015-Manuel Pélaez del Rosal-2014-Fray Rubén Moreno Camuñas-2013-Miguel Rodríguez-Pantoja Márquez-2012-Miguel Varona Villar-2011-Antonio Bellido Navarro-2010-Vicente García Caviedes-2009-Álvaro Martínez Moreno-2008-Francisco García-Calabrés Cobo-2007-Antonio Gil Moreno

Cartel de la Exaltación de las Siete Palabras 2025

DE MAYO A SEPTIEMBRE MAÑANAS LABORABLES FESTIVOS 8:00 Santa Clara 8:30 Santa Ana (Lun-Vier) 9:00 Asilo S. Rafael 9:00 San Juan de Ávila Santa Clara 9:00 San Juan de Ávila 10:00 Asilo S. Rafael 10:00 Sagrada Familia 11:00 El Santo (May – Jun) (Jul – Sept) 11:15 10:30 La Asunción…

DE OCTUBRE A ABRIL MAÑANAS LABORABLES FESTIVOS 8:00 Convento de Santa Clara 8:30 Convento de Santa Ana (Lun-Vier) 9:00 Asilo de San Rafael 9:00 Basílica San Juan de Ávila Convento de Santa Clara 9:00 Basílica San Juan de Ávila 10:00 Asilo de San Rafael 10:00 Ermita de la Sagrada Familia 11:00 Parroquia…

Divulgación

Pieza destacada. Seminario de Escultura Virreinal de la Universidad Nacional Autónoma de México Cápsula sobre el Cristo de Zacatecas: crucificado ligero novohispano en caña de maíz   Conferencia: "Con todo lo que conlleva: la materialidad en las artes hispanoamericanas" Conferencia impartida por Pablo Francisco Amador (Universidad Nacional Autónoma de México)…
