{"id":2484,"date":"2025-10-02T18:36:05","date_gmt":"2025-10-02T16:36:05","guid":{"rendered":"https:\/\/veracruzdemontilla.com\/?page_id=2484"},"modified":"2025-10-06T13:43:37","modified_gmt":"2025-10-06T11:43:37","slug":"cordoba-se-erige-en-via-sacra-de-occidente-en-un-programa-de-divulgacion-cofrade","status":"publish","type":"page","link":"http:\/\/veracruzdemontilla.com\/?page_id=2484","title":{"rendered":"V\u00eda Sacra de Occidente"},"content":{"rendered":"<p>C\u00f3rdoba se erige en V\u00eda Sacra de Occidente en un programa de divulgaci\u00f3n cofrade promovido por la Agrupaci\u00f3n de Hermandades y Cofrad\u00edas de C\u00f3rdoba. A trav\u00e9s de 11 entregas, ser\u00e1 posible descubrir de primera mano c\u00f3mo las hermandades y cofrad\u00edas de C\u00f3rdoba y de la provincia viven la preparaci\u00f3n del gran acontecimiento que marcar\u00e1 este a\u00f1o cofrade: el Magno V\u00eda Crucis de la Di\u00f3cesis de C\u00f3rdoba. Este proyecto audiovisual permitir\u00e1 acercar a los cofrades y a los cordobeses en general al d\u00eda a d\u00eda de nuestras corporaciones, conocer su historia, su patrimonio y la fe que las impulsa, en un camino compartido que culminar\u00e1 en una cita \u00fanica para todos. En los d\u00edas previos al 11 de octubre se emitir\u00e1n las diferentes entregas del programa y sentir c\u00f3mo C\u00f3rdoba se convierte, m\u00e1s que nunca, en V\u00eda Sacra de Occidente.<\/p>\n<p>\u00a1A C\u00f3rdoba por el camino de la Cruz!<\/p>\n<table style=\"border-collapse: collapse; width: 100%; height: 368px;\">\n<tbody>\n<tr style=\"height: 322px;\">\n<td style=\"width: 50%; height: 322px;\"><iframe loading=\"lazy\" title=\"YouTube video player\" src=\"\/\/www.youtube.com\/embed\/2gclg_-bxG0?si=Ivn9o0gbiZ21l-KH\" width=\"300\" height=\"160\" frameborder=\"0\" allowfullscreen=\"allowfullscreen\"><\/iframe><\/td>\n<td style=\"width: 50%; height: 322px;\"><iframe loading=\"lazy\" title=\"YouTube video player\" src=\"\/\/www.youtube.com\/embed\/zWZPPHSexeA?si=_jFI3cEpHbcUDzoN\" width=\"300\" height=\"160\" frameborder=\"0\" allowfullscreen=\"allowfullscreen\"><\/iframe><\/td>\n<\/tr>\n<tr style=\"height: 23px;\">\n<td style=\"width: 50%; height: 23px;\"><iframe loading=\"lazy\" title=\"YouTube video player\" src=\"\/\/www.youtube.com\/embed\/62vH0_dalXk?si=cN4I3SapM-NFPs9z\" width=\"300\" height=\"160\" frameborder=\"0\" allowfullscreen=\"allowfullscreen\"><\/iframe><\/td>\n<td style=\"width: 50%; height: 23px;\"><iframe loading=\"lazy\" title=\"YouTube video player\" src=\"\/\/www.youtube.com\/embed\/vnCwelEFkTg?si=VOSo5Kl7mM416ycp\" width=\"300\" height=\"160\" frameborder=\"0\" allowfullscreen=\"allowfullscreen\"><\/iframe><\/td>\n<\/tr>\n<tr style=\"height: 23px;\">\n<td style=\"width: 50%; height: 23px;\">\u00a0<\/td>\n<td style=\"width: 50%; height: 23px;\">\u00a0<\/td>\n<\/tr>\n<\/tbody>\n<\/table>\n<p>\u00a0<\/p>\n<p>\u00a0<\/p>\n<p>\u00a0<\/p>\n<p>\u00a0<\/p>\n<p>\u00a0<\/p>\n<p>\u00a0<\/p>\n<p>\u00a0<\/p>\n","protected":false},"excerpt":{"rendered":"<p>C\u00f3rdoba se erige en V\u00eda Sacra de Occidente en un programa de divulgaci\u00f3n cofrade promovido por la Agrupaci\u00f3n de Hermandades y Cofrad\u00edas de C\u00f3rdoba. A trav\u00e9s de 11 entregas, ser\u00e1 posible descubrir de primera mano c\u00f3mo las hermandades y cofrad\u00edas de C\u00f3rdoba y de la provincia viven la preparaci\u00f3n del gran acontecimiento que marcar\u00e1 este [&#038;hellip<\/p>\n","protected":false},"author":1,"featured_media":2486,"parent":0,"menu_order":0,"comment_status":"closed","ping_status":"closed","template":"","meta":{"advanced_seo_description":"","spay_email":""},"wpmagazine_modules_lite_featured_media_urls":{"thumbnail":["https:\/\/i2.wp.com\/veracruzdemontilla.com\/wp-content\/uploads\/2025\/10\/Miniatura-scaled.jpg?resize=150%2C150",150,150,true],"cvmm-medium":["https:\/\/i2.wp.com\/veracruzdemontilla.com\/wp-content\/uploads\/2025\/10\/Miniatura-scaled.jpg?resize=300%2C300",300,300,true],"cvmm-medium-plus":["https:\/\/i2.wp.com\/veracruzdemontilla.com\/wp-content\/uploads\/2025\/10\/Miniatura-scaled.jpg?resize=305%2C207",305,207,true],"cvmm-portrait":["https:\/\/i2.wp.com\/veracruzdemontilla.com\/wp-content\/uploads\/2025\/10\/Miniatura-scaled.jpg?resize=400%2C600",400,600,true],"cvmm-medium-square":["https:\/\/i2.wp.com\/veracruzdemontilla.com\/wp-content\/uploads\/2025\/10\/Miniatura-scaled.jpg?resize=600%2C600",600,600,true],"cvmm-large":["https:\/\/i2.wp.com\/veracruzdemontilla.com\/wp-content\/uploads\/2025\/10\/Miniatura-scaled.jpg?resize=1024%2C1024",1024,1024,true],"cvmm-small":["https:\/\/i2.wp.com\/veracruzdemontilla.com\/wp-content\/uploads\/2025\/10\/Miniatura-scaled.jpg?resize=130%2C95",130,95,true],"full":["https:\/\/i2.wp.com\/veracruzdemontilla.com\/wp-content\/uploads\/2025\/10\/Miniatura-scaled.jpg?fit=2560%2C1572",2560,1572,false]},"categories_names":null,"comments_number":"0","jetpack_sharing_enabled":true,"jetpack_shortlink":"https:\/\/wp.me\/P9INPk-E4","jetpack_likes_enabled":true,"jetpack-related-posts":[{"id":1907,"url":"http:\/\/veracruzdemontilla.com\/?page_id=1907","url_meta":{"origin":2484,"position":0},"title":"Magno V\u00eda Crucis","date":"27 marzo, 2025","format":false,"excerpt":"C\u00f3rdoba V\u00eda Sacra de Occidente V\u00eddeo promocional MagnoVCOR25 realizado por La Sangre y La Gloria El 11 de octubre de 2025, en el marco de los actos conmemorativos del 600 aniversario de la instauraci\u00f3n del rezo del v\u00eda crucis en la Iglesia de Occidente de la mano del beato \u00c1lvaro\u2026","rel":"","context":"Entrada similar","img":{"alt_text":"","src":"https:\/\/i2.wp.com\/veracruzdemontilla.com\/wp-content\/uploads\/2025\/03\/Via-Crucis-Magno_Zacatecas.jpg?fit=960%2C1200&resize=350%2C200","width":350,"height":200},"classes":[]},{"id":230,"url":"http:\/\/veracruzdemontilla.com\/?page_id=230","url_meta":{"origin":2484,"position":1},"title":"Resumen hist\u00f3rico","date":"24 julio, 2013","format":false,"excerpt":"Creado el 27 de febrero de 1566, como Tercio de \u00a0Figueroa, tomando su nombre de su Primer Maestre de Campo Don Lope de Figueroa, como era costumbre en aquella \u00e9poca. Aparece como Tercio Extraordinario debido a la presi\u00f3n que ejerc\u00eda en nuestro pa\u00eds la guerra contra los Pa\u00edses Bajos, teniendo\u2026","rel":"","context":"Entrada similar","img":{"alt_text":"Acompa\u00f1amiento musical de la banda del RAC n\u00ba 10.","src":"https:\/\/i1.wp.com\/veracruzdemontilla.com\/wp-content\/uploads\/2013\/07\/DSC00474.jpg?resize=350%2C200","width":350,"height":200},"classes":[]},{"id":2,"url":"http:\/\/veracruzdemontilla.com\/?page_id=2","url_meta":{"origin":2484,"position":2},"title":"Historia","date":"23 julio, 2013","format":false,"excerpt":"El mes de abril de 2005 trajo para los hermanos de la Santa Vera Cruz una magn\u00edfica noticia: el obispo de C\u00f3rdoba, Juan Jos\u00e9 Asenjo, confirmaba la erecci\u00f3n can\u00f3nica de la Hermandad m\u00e1s antigua de la localidad, cuyas primeras referencias hist\u00f3ricas datan de la primera mitad del siglo XVI. Desde\u2026","rel":"","context":"Entrada similar","img":{"alt_text":"","src":"https:\/\/i0.wp.com\/veracruzdemontilla.com\/wp-content\/uploads\/2013\/07\/historia1a-300x225.jpg?resize=350%2C200","width":350,"height":200},"classes":[]},{"id":239,"url":"http:\/\/veracruzdemontilla.com\/?page_id=239","url_meta":{"origin":2484,"position":3},"title":"Hechos de armas y organizaci\u00f3n actual","date":"24 julio, 2013","format":false,"excerpt":"Entre los principales hechos de armas, destaca en 1571 la Batalla de Lepanto donde Don Miguel de Cervantes y Saavedra asisti\u00f3 soldado del Tercio de Moncada a las \u00f3rdenes del Duque de Alba. El 7 de Octubre del mismo a\u00f1o parten hacia Cefalonia donde pocas horas despu\u00e9s se dar\u00eda la\u2026","rel":"","context":"Entrada similar","img":{"alt_text":"","src":"","width":0,"height":0},"classes":[]},{"id":247,"url":"http:\/\/veracruzdemontilla.com\/?page_id=247","url_meta":{"origin":2484,"position":4},"title":"Nombramiento como Hermano Mayor Honorario","date":"24 julio, 2013","format":false,"excerpt":"El 11 de enero de 2008 la Cofrad\u00eda Penitencial de la Santa Vera Cruz decidi\u00f3 reunida en Cabildo General Extraordinario de Hermanos la distinci\u00f3n honor\u00edfica como Hermano Mayor de la Cofrad\u00eda al Regimiento de Infanter\u00eda Mecanizada \u201cC\u00f3rdoba\u201d 10, nombramiento que se hizo efectivo el domingo 10 de febrero de 2008\u2026","rel":"","context":"Entrada similar","img":{"alt_text":"","src":"https:\/\/i1.wp.com\/veracruzdemontilla.com\/wp-content\/uploads\/2013\/07\/nombramiento01.jpg?resize=350%2C200","width":350,"height":200},"classes":[]},{"id":211,"url":"http:\/\/veracruzdemontilla.com\/?page_id=211","url_meta":{"origin":2484,"position":5},"title":"Santa Mar\u00eda del Socorro","date":"24 julio, 2013","format":false,"excerpt":"El domingo 11 de diciembre de 2005, la parroquia de Santiago Ap\u00f3stol se visti\u00f3 de gala para acoger la solemne bendici\u00f3n de la nueva imagen de Santa Mar\u00eda del Socorro, cotitular de la Cofrad\u00eda Penitencial de la Santa Vera Cruz. En una eucarist\u00eda presidida por el can\u00f3nigo magistral de la\u2026","rel":"","context":"Entrada similar","img":{"alt_text":"","src":"https:\/\/i2.wp.com\/veracruzdemontilla.com\/wp-content\/uploads\/2025\/04\/101013147_10217375191591077_8297386502405488640_n.jpg?resize=350%2C200","width":350,"height":200},"classes":[]}],"_links":{"self":[{"href":"http:\/\/veracruzdemontilla.com\/index.php?rest_route=\/wp\/v2\/pages\/2484"}],"collection":[{"href":"http:\/\/veracruzdemontilla.com\/index.php?rest_route=\/wp\/v2\/pages"}],"about":[{"href":"http:\/\/veracruzdemontilla.com\/index.php?rest_route=\/wp\/v2\/types\/page"}],"author":[{"embeddable":true,"href":"http:\/\/veracruzdemontilla.com\/index.php?rest_route=\/wp\/v2\/users\/1"}],"replies":[{"embeddable":true,"href":"http:\/\/veracruzdemontilla.com\/index.php?rest_route=%2Fwp%2Fv2%2Fcomments&post=2484"}],"version-history":[{"count":7,"href":"http:\/\/veracruzdemontilla.com\/index.php?rest_route=\/wp\/v2\/pages\/2484\/revisions"}],"predecessor-version":[{"id":2507,"href":"http:\/\/veracruzdemontilla.com\/index.php?rest_route=\/wp\/v2\/pages\/2484\/revisions\/2507"}],"wp:featuredmedia":[{"embeddable":true,"href":"http:\/\/veracruzdemontilla.com\/index.php?rest_route=\/wp\/v2\/media\/2486"}],"wp:attachment":[{"href":"http:\/\/veracruzdemontilla.com\/index.php?rest_route=%2Fwp%2Fv2%2Fmedia&parent=2484"}],"curies":[{"name":"wp","href":"https:\/\/api.w.org\/{rel}","templated":true}]}}