{"id":230,"date":"2013-07-24T16:06:28","date_gmt":"2013-07-24T16:06:28","guid":{"rendered":"http:\/\/veracruzdemontilla.com\/?page_id=230"},"modified":"2017-11-08T15:15:13","modified_gmt":"2017-11-08T13:15:13","slug":"resumen-historico","status":"publish","type":"page","link":"http:\/\/veracruzdemontilla.com\/?page_id=230","title":{"rendered":"Resumen hist\u00f3rico"},"content":{"rendered":"<div id=\"attachment_1376\" style=\"width: 250px\" class=\"wp-caption alignleft\"><a href=\"https:\/\/i1.wp.com\/veracruzdemontilla.com\/wp-content\/uploads\/2013\/07\/Lope-de-Figueroa.jpg\"><img aria-describedby=\"caption-attachment-1376\" data-attachment-id=\"1376\" data-permalink=\"http:\/\/veracruzdemontilla.com\/?attachment_id=1376\" data-orig-file=\"https:\/\/i1.wp.com\/veracruzdemontilla.com\/wp-content\/uploads\/2013\/07\/Lope-de-Figueroa.jpg?fit=280%2C317\" data-orig-size=\"280,317\" data-comments-opened=\"0\" data-image-meta=\"{&quot;aperture&quot;:&quot;0&quot;,&quot;credit&quot;:&quot;&quot;,&quot;camera&quot;:&quot;&quot;,&quot;caption&quot;:&quot;&quot;,&quot;created_timestamp&quot;:&quot;0&quot;,&quot;copyright&quot;:&quot;&quot;,&quot;focal_length&quot;:&quot;0&quot;,&quot;iso&quot;:&quot;0&quot;,&quot;shutter_speed&quot;:&quot;0&quot;,&quot;title&quot;:&quot;&quot;,&quot;orientation&quot;:&quot;0&quot;}\" data-image-title=\"Lope de Figueroa\" data-image-description=\"\" data-image-caption=\"&lt;p&gt;Grabado de Don Lope de Figueroa en el Alcalde de Zalamea.&lt;\/p&gt;\n\" data-medium-file=\"https:\/\/i1.wp.com\/veracruzdemontilla.com\/wp-content\/uploads\/2013\/07\/Lope-de-Figueroa.jpg?fit=265%2C300\" data-large-file=\"https:\/\/i1.wp.com\/veracruzdemontilla.com\/wp-content\/uploads\/2013\/07\/Lope-de-Figueroa.jpg?fit=280%2C317\" loading=\"lazy\" class=\" wp-image-1376\" src=\"https:\/\/i1.wp.com\/veracruzdemontilla.com\/wp-content\/uploads\/2013\/07\/Lope-de-Figueroa.jpg?resize=240%2C272\" alt=\"Grabado de Don Lope de Figueroa en el Alcalde de Zalamea\" width=\"240\" height=\"272\" srcset=\"https:\/\/i1.wp.com\/veracruzdemontilla.com\/wp-content\/uploads\/2013\/07\/Lope-de-Figueroa.jpg?w=280 280w, https:\/\/i1.wp.com\/veracruzdemontilla.com\/wp-content\/uploads\/2013\/07\/Lope-de-Figueroa.jpg?resize=265%2C300 265w\" sizes=\"(max-width: 240px) 100vw, 240px\" data-recalc-dims=\"1\" \/><\/a><\/p>\n<p id=\"caption-attachment-1376\" class=\"wp-caption-text\">Grabado de Don Lope de Figueroa en el Alcalde de Zalamea.<\/p>\n<\/div>\n<p style=\"text-align: justify;\">Creado el 27 de febrero de 1566, como <strong>Tercio de<\/strong> <strong>\u00a0Figueroa<\/strong>, tomando su nombre de su Primer Maestre de Campo Don Lope de Figueroa, como era costumbre en aquella \u00e9poca.<\/p>\n<p style=\"text-align: justify;\">Aparece como Tercio Extraordinario debido a la presi\u00f3n que ejerc\u00eda en nuestro pa\u00eds la guerra contra los Pa\u00edses Bajos, teniendo la necesidad de cubrir las bajas que hab\u00eda experimentado el Ej\u00e9rcito Espa\u00f1ol en Italia, por la marcha de las tropas a territorio Flamenco. Organiz\u00e1ronse las nuevas unidades en la Pen\u00ednsula, estas unidades combat\u00edan tanto en tierra como en el mar.<\/p>\n<p style=\"text-align: justify;\">Tan\u00a0 pronto se organiz\u00f3, se embarc\u00f3 en Cartagena tomando rumbo a las costas de Italia, desembarcando en N\u00e1poles en enero de 1567, tomando entonces el nombre de <strong>Tercio de la Armada del Mar Oc\u00e9ano<\/strong>.<\/p>\n<p style=\"text-align: justify;\">Tom\u00f3 parte en la sublevaci\u00f3n de los moriscos, conocida como guerra de las Alpujarras (1569-1570) en Granada. Posteriormente fue destinado a la Armada de la Santa Liga con la denominaci\u00f3n de <strong>Tercio de la Liga Cat\u00f3lica<\/strong>, tomando parte heroicamente en el gran triunfo de Lepanto (1571), siendo su bautismo de fuego naval.<\/p>\n<p style=\"text-align: justify;\">En 1586, su triunfo en la Batalla de las Terceras (1582), origin\u00f3 el cambio de denominaci\u00f3n al de <strong>Tercio de las Terceras<\/strong>, pasando a Italia.<\/p>\n<p style=\"text-align: justify;\">En 1603, se llama Tercio Viejo de la Armada Real del Mar Oc\u00e9ano, volviendo de guarnici\u00f3n a Portugal. Encontr\u00e1ndose de Campa\u00f1a en este pa\u00eds en 1664, recibe el d\u00eda 29 de Agosto el nombre de <strong>Tercio Provincial de C\u00f3rdoba<\/strong>, t\u00edtulo muy justificado, ya que la recluta de su personal, que se hizo en las provincias meridionales de Espa\u00f1a, destac\u00f3 la de C\u00f3rdoba. Un a\u00f1o m\u00e1s tarde, vuelve a su antigua denominaci\u00f3n de Tercio Viejo de la Armada del Mar Oc\u00e9ano, pasando de guarnici\u00f3n primero a Gibraltar y luego a C\u00f3rdoba.<\/p>\n<div id=\"attachment_231\" style=\"width: 403px\" class=\"wp-caption alignright\"><a href=\"https:\/\/i0.wp.com\/veracruzdemontilla.com\/wp-content\/uploads\/2013\/07\/rim.jpg\"><img aria-describedby=\"caption-attachment-231\" data-attachment-id=\"231\" data-permalink=\"http:\/\/veracruzdemontilla.com\/?attachment_id=231\" data-orig-file=\"https:\/\/i0.wp.com\/veracruzdemontilla.com\/wp-content\/uploads\/2013\/07\/rim.jpg?fit=1796%2C1272\" data-orig-size=\"1796,1272\" data-comments-opened=\"1\" data-image-meta=\"{&quot;aperture&quot;:&quot;0&quot;,&quot;credit&quot;:&quot;&quot;,&quot;camera&quot;:&quot;&quot;,&quot;caption&quot;:&quot;&quot;,&quot;created_timestamp&quot;:&quot;0&quot;,&quot;copyright&quot;:&quot;&quot;,&quot;focal_length&quot;:&quot;0&quot;,&quot;iso&quot;:&quot;0&quot;,&quot;shutter_speed&quot;:&quot;0&quot;,&quot;title&quot;:&quot;&quot;}\" data-image-title=\"RAC n\u00ba 10\" data-image-description=\"\" data-image-caption=\"&lt;p&gt;Escolta de la escuadra de gastadores del RAC n\u00ba 10&lt;\/p&gt;\n\" data-medium-file=\"https:\/\/i0.wp.com\/veracruzdemontilla.com\/wp-content\/uploads\/2013\/07\/rim.jpg?fit=300%2C212\" data-large-file=\"https:\/\/i0.wp.com\/veracruzdemontilla.com\/wp-content\/uploads\/2013\/07\/rim.jpg?fit=1024%2C725\" loading=\"lazy\" class=\"wp-image-231\" src=\"https:\/\/i0.wp.com\/veracruzdemontilla.com\/wp-content\/uploads\/2013\/07\/rim.jpg?resize=393%2C278\" alt=\"Escolta de la escuadra de gastadores del RAC n\u00ba 10\" width=\"393\" height=\"278\" srcset=\"https:\/\/i0.wp.com\/veracruzdemontilla.com\/wp-content\/uploads\/2013\/07\/rim.jpg?w=1796 1796w, https:\/\/i0.wp.com\/veracruzdemontilla.com\/wp-content\/uploads\/2013\/07\/rim.jpg?resize=300%2C212 300w, https:\/\/i0.wp.com\/veracruzdemontilla.com\/wp-content\/uploads\/2013\/07\/rim.jpg?resize=1024%2C725 1024w, https:\/\/i0.wp.com\/veracruzdemontilla.com\/wp-content\/uploads\/2013\/07\/rim.jpg?resize=600%2C424 600w, https:\/\/i0.wp.com\/veracruzdemontilla.com\/wp-content\/uploads\/2013\/07\/rim.jpg?resize=900%2C637 900w\" sizes=\"(max-width: 393px) 100vw, 393px\" data-recalc-dims=\"1\" \/><\/a><\/p>\n<p id=\"caption-attachment-231\" class=\"wp-caption-text\">Escolta de la escuadra de gastadores del RAC n\u00ba 10.<\/p>\n<\/div>\n<p style=\"text-align: justify;\">En 1704, de acuerdo con la ordenanza del 28 de Septiembre sobre la reorganizaci\u00f3n del Ejercito por parte del Rey Felipe V, qued\u00f3 reducido \u00abal pie de Regimiento\u201d con la denominaci\u00f3n de <strong>Regimiento de Bajeles n\u00ba 1<\/strong> pasando a formar parte del Ej\u00e9rcito de Tierra.<\/p>\n<p style=\"text-align: justify;\">En 1718, recibe el nombre de <strong>Regimiento de Infanter\u00eda C\u00f3rdoba N\u00ba 6<\/strong> y pasa a combatir a Italia. Recibe el <strong>N\u00ba 10<\/strong> en 1741 y el <strong>N\u00ba 9<\/strong> en 1769, encontr\u00e1ndose en esa fecha de guarnici\u00f3n en C\u00e1diz. De nuevo pierde su nombre en 1810, cuando se le conoce como <strong>Regimiento Provisional N\u00ba 4<\/strong>, e interviene en la Guerra de la Independencia; es un a\u00f1o m\u00e1s tarde, en 1811, cuando vuelve a llamarse <strong>Regimiento de Infanter\u00eda C\u00f3rdoba N\u00ba 4<\/strong>.<\/p>\n<p style=\"text-align: justify;\">En 1815, encontr\u00e1ndose en Catalu\u00f1a toma el N\u00ba 12. Este Regimiento experiment\u00f3 la suerte de todos los dem\u00e1s perdiendo su nombre en 1823 en que queda dividido en dos Batallones: Batall\u00f3n N\u00ba 23 y N\u00ba 24.<\/p>\n<p style=\"text-align: justify;\">En 1826, pasa a denominarse <strong>Regimiento de Infanter\u00eda Almansa N\u00ba 9<\/strong>, pasando de guarnici\u00f3n a Baleares. Dos a\u00f1os m\u00e1s tarde, en 1828, vuelve a llamarse <strong>Regimiento de Infanter\u00eda C\u00f3rdoba N\u00ba 9<\/strong> y en 1833 en que recibe el <strong>N\u00ba 10<\/strong> e interviene en la Primera Guerra Carlista. Las sospechas del Gobierno en cuanto a la lealtad de Regimiento, dio lugar en 1854, a su disoluci\u00f3n y al reparto de sus fuerzas en otros Cuerpos, pero en ese mismo a\u00f1o fue de nuevo organizado con el nombre de <strong>Regimiento de Infanter\u00eda C\u00f3rdoba N\u00ba 10<\/strong>, sirviendo de base el de la Reina Gobernadora, siendo sus guarniciones en este per\u00edodo de tiempo Zaragoza y Valencia pasando en 1887 a Granada.<\/p>\n<p style=\"text-align: justify;\">En 1931, se fusionan los Regimientos de Infanter\u00eda C\u00f3rdoba N\u00ba 10 y la Reina N\u00ba 2 de guarnici\u00f3n en Granada y C\u00f3rdoba, respectivamente, en uno con el nombre de <strong>Regimiento de Infanter\u00eda N\u00ba 2<\/strong>.<\/p>\n<div id=\"attachment_234\" style=\"width: 337px\" class=\"wp-caption alignleft\"><a href=\"https:\/\/i1.wp.com\/veracruzdemontilla.com\/wp-content\/uploads\/2013\/07\/DSC00474.jpg\"><img aria-describedby=\"caption-attachment-234\" data-attachment-id=\"234\" data-permalink=\"http:\/\/veracruzdemontilla.com\/?attachment_id=234\" data-orig-file=\"https:\/\/i1.wp.com\/veracruzdemontilla.com\/wp-content\/uploads\/2013\/07\/DSC00474.jpg?fit=2835%2C2126\" data-orig-size=\"2835,2126\" data-comments-opened=\"1\" data-image-meta=\"{&quot;aperture&quot;:&quot;4&quot;,&quot;credit&quot;:&quot;&quot;,&quot;camera&quot;:&quot;DSC-H70&quot;,&quot;caption&quot;:&quot;&quot;,&quot;created_timestamp&quot;:&quot;1303260182&quot;,&quot;copyright&quot;:&quot;&quot;,&quot;focal_length&quot;:&quot;6.77&quot;,&quot;iso&quot;:&quot;800&quot;,&quot;shutter_speed&quot;:&quot;0.2&quot;,&quot;title&quot;:&quot;&quot;}\" data-image-title=\"Banda del RAC n\u00ba 10\" data-image-description=\"\" data-image-caption=\"&lt;p&gt;Acompa\u00f1amiento musical de la banda del RAC n\u00ba 10.&lt;\/p&gt;\n\" data-medium-file=\"https:\/\/i1.wp.com\/veracruzdemontilla.com\/wp-content\/uploads\/2013\/07\/DSC00474.jpg?fit=300%2C225\" data-large-file=\"https:\/\/i1.wp.com\/veracruzdemontilla.com\/wp-content\/uploads\/2013\/07\/DSC00474.jpg?fit=1024%2C768\" loading=\"lazy\" class=\" wp-image-234\" src=\"https:\/\/i1.wp.com\/veracruzdemontilla.com\/wp-content\/uploads\/2013\/07\/DSC00474.jpg?resize=327%2C245\" alt=\"Acompa\u00f1amiento musical de la banda del RAC n\u00ba 10.\" width=\"327\" height=\"245\" data-recalc-dims=\"1\" \/><\/a><\/p>\n<p id=\"caption-attachment-234\" class=\"wp-caption-text\">Acompa\u00f1amiento musical de la banda del RAC n\u00ba 10.<\/p>\n<\/div>\n<p style=\"text-align: justify;\">En 1935, toma la denominaci\u00f3n de <strong>Regimiento de Infanter\u00eda Lepanto N\u00ba 2<\/strong> recibiendo el <strong>N\u00ba 5<\/strong> el a\u00f1o siguiente.<\/p>\n<p style=\"text-align: justify;\">En 1943, se le da nombre de <strong>Regimiento de Infanter\u00eda C\u00f3rdoba N\u00ba 10<\/strong> y recoge el historial del de su denominaci\u00f3n; conserva su hist\u00f3rico nombre hasta que en 1960 recibe el de <strong>Agrupaci\u00f3n de Infanter\u00eda N\u00ba 10<\/strong>, volviendo en 1963 a su anterior denominaci\u00f3n de <strong>Regimiento de Infanter\u00eda C\u00f3rdoba N\u00ba 10<\/strong>.<\/p>\n<p style=\"text-align: justify;\">En 1965, contin\u00faa con su tradicional nombre y pasa a pertenecer a la Brigada de Infanter\u00eda DOT IX. Este Cuerpo se hace cargo de la documentaci\u00f3n de Regimiento de Infanter\u00eda N\u00e1poles 24. El 2 de Octubre de 1985 pasa a pertenecer a la BRIMZ XXI de nueva creaci\u00f3n y se traslada a Cerro Muriano (C\u00f3rdoba), pasando a llamarse <strong>Regimiento de Infanter\u00eda Mecanizada C\u00f3rdoba N\u00ba 10<\/strong>.<\/p>\n<p style=\"text-align: justify;\">El 1 de julio de 2015 se inicia una nueva reorganizaci\u00f3n y el Regimiento cambia de denominaci\u00f3n pas\u00e1ndose a llamar, a partir del 1 de enero de 2016, <strong>Regimiento Acorazado C\u00f3rdoba n\u00ba 10<\/strong> integrado en la Brigada \u201cGuzm\u00e1n el Bueno\u201d X.<\/p>\n<p style=\"text-align: right;\"><em>Cofrad\u00eda Penitencial de la Santa Vera Cruz<\/em><\/p>\n","protected":false},"excerpt":{"rendered":"<p>Creado el 27 de febrero de 1566, como Tercio de \u00a0Figueroa, tomando su nombre de su Primer Maestre de Campo Don Lope de Figueroa, como era costumbre en aquella \u00e9poca. Aparece como Tercio Extraordinario debido a la presi\u00f3n que ejerc\u00eda en nuestro pa\u00eds la guerra contra los Pa\u00edses Bajos, teniendo la necesidad de cubrir las [&#038;hellip<\/p>\n","protected":false},"author":1,"featured_media":-1,"parent":0,"menu_order":0,"comment_status":"open","ping_status":"open","template":"","meta":{"advanced_seo_description":"","spay_email":""},"wpmagazine_modules_lite_featured_media_urls":{"thumbnail":"","cvmm-medium":"","cvmm-medium-plus":"","cvmm-portrait":"","cvmm-medium-square":"","cvmm-large":"","cvmm-small":"","full":""},"categories_names":null,"comments_number":"0","jetpack_sharing_enabled":true,"jetpack_shortlink":"https:\/\/wp.me\/P9INPk-3I","jetpack_likes_enabled":true,"jetpack-related-posts":[{"id":239,"url":"http:\/\/veracruzdemontilla.com\/?page_id=239","url_meta":{"origin":230,"position":0},"title":"Hechos de armas y organizaci\u00f3n actual","date":"24 julio, 2013","format":false,"excerpt":"Entre los principales hechos de armas, destaca en 1571 la Batalla de Lepanto donde Don Miguel de Cervantes y Saavedra asisti\u00f3 soldado del Tercio de Moncada a las \u00f3rdenes del Duque de Alba. El 7 de Octubre del mismo a\u00f1o parten hacia Cefalonia donde pocas horas despu\u00e9s se dar\u00eda la\u2026","rel":"","context":"Entrada similar","img":{"alt_text":"","src":"","width":0,"height":0},"classes":[]},{"id":2,"url":"http:\/\/veracruzdemontilla.com\/?page_id=2","url_meta":{"origin":230,"position":1},"title":"Historia","date":"23 julio, 2013","format":false,"excerpt":"El mes de abril de 2005 trajo para los hermanos de la Santa Vera Cruz una magn\u00edfica noticia: el obispo de C\u00f3rdoba, Juan Jos\u00e9 Asenjo, confirmaba la erecci\u00f3n can\u00f3nica de la Hermandad m\u00e1s antigua de la localidad, cuyas primeras referencias hist\u00f3ricas datan de la primera mitad del siglo XVI. Desde\u2026","rel":"","context":"Entrada similar","img":{"alt_text":"","src":"https:\/\/i0.wp.com\/veracruzdemontilla.com\/wp-content\/uploads\/2013\/07\/historia1a-300x225.jpg?resize=350%2C200","width":350,"height":200},"classes":[]},{"id":217,"url":"http:\/\/veracruzdemontilla.com\/?page_id=217","url_meta":{"origin":230,"position":2},"title":"Patrimonio","date":"24 julio, 2013","format":false,"excerpt":"El cortejo de la Cofrad\u00eda Penitencial de la Santa Vera Cruz se abre con la Cruz de Gu\u00eda, una pieza an\u00f3nima del siglo XVII, realizada en madera policromada y que alberga la pintura de un crucificado. Asimismo, abriendo el tramo de nazarenos, la Hermandad lleva su estandarte corporativo, realizado en\u2026","rel":"","context":"Entrada similar","img":{"alt_text":"","src":"","width":0,"height":0},"classes":[]},{"id":211,"url":"http:\/\/veracruzdemontilla.com\/?page_id=211","url_meta":{"origin":230,"position":3},"title":"Santa Mar\u00eda del Socorro","date":"24 julio, 2013","format":false,"excerpt":"El domingo 11 de diciembre de 2005, la parroquia de Santiago Ap\u00f3stol se visti\u00f3 de gala para acoger la solemne bendici\u00f3n de la nueva imagen de Santa Mar\u00eda del Socorro, cotitular de la Cofrad\u00eda Penitencial de la Santa Vera Cruz. En una eucarist\u00eda presidida por el can\u00f3nigo magistral de la\u2026","rel":"","context":"Entrada similar","img":{"alt_text":"","src":"https:\/\/i2.wp.com\/veracruzdemontilla.com\/wp-content\/uploads\/2025\/04\/101013147_10217375191591077_8297386502405488640_n.jpg?resize=350%2C200","width":350,"height":200},"classes":[]},{"id":203,"url":"http:\/\/veracruzdemontilla.com\/?page_id=203","url_meta":{"origin":230,"position":4},"title":"Santo Cristo de Zacatecas","date":"24 julio, 2013","format":false,"excerpt":"El Santo Cristo de Zacatecas es uno de los mejores exponentes del barroco colonial que llevaron los espa\u00f1oles a las Indias. De tama\u00f1o superior al acad\u00e9mico y con una altura de 210 cent\u00edmetros, la imagen est\u00e1 construida con una mezcla de fibras vegetales de ca\u00f1a de ma\u00edz y encolados.La imagen\u2026","rel":"","context":"Entrada similar","img":{"alt_text":"","src":"","width":0,"height":0},"classes":[]},{"id":2484,"url":"http:\/\/veracruzdemontilla.com\/?page_id=2484","url_meta":{"origin":230,"position":5},"title":"V\u00eda Sacra de Occidente","date":"2 octubre, 2025","format":false,"excerpt":"C\u00f3rdoba se erige en V\u00eda Sacra de Occidente en un programa de divulgaci\u00f3n cofrade promovido por la Agrupaci\u00f3n de Hermandades y Cofrad\u00edas de C\u00f3rdoba. A trav\u00e9s de 11 entregas, ser\u00e1 posible descubrir de primera mano c\u00f3mo las hermandades y cofrad\u00edas de C\u00f3rdoba y de la provincia viven la preparaci\u00f3n del\u2026","rel":"","context":"Entrada similar","img":{"alt_text":"","src":"https:\/\/i2.wp.com\/veracruzdemontilla.com\/wp-content\/uploads\/2025\/10\/Miniatura-scaled.jpg?fit=1200%2C737&resize=350%2C200","width":350,"height":200},"classes":[]}],"_links":{"self":[{"href":"http:\/\/veracruzdemontilla.com\/index.php?rest_route=\/wp\/v2\/pages\/230"}],"collection":[{"href":"http:\/\/veracruzdemontilla.com\/index.php?rest_route=\/wp\/v2\/pages"}],"about":[{"href":"http:\/\/veracruzdemontilla.com\/index.php?rest_route=\/wp\/v2\/types\/page"}],"author":[{"embeddable":true,"href":"http:\/\/veracruzdemontilla.com\/index.php?rest_route=\/wp\/v2\/users\/1"}],"replies":[{"embeddable":true,"href":"http:\/\/veracruzdemontilla.com\/index.php?rest_route=%2Fwp%2Fv2%2Fcomments&post=230"}],"version-history":[{"count":7,"href":"http:\/\/veracruzdemontilla.com\/index.php?rest_route=\/wp\/v2\/pages\/230\/revisions"}],"predecessor-version":[{"id":1378,"href":"http:\/\/veracruzdemontilla.com\/index.php?rest_route=\/wp\/v2\/pages\/230\/revisions\/1378"}],"wp:featuredmedia":[{"embeddable":true,"href":"http:\/\/veracruzdemontilla.com\/index.php?rest_route=\/wp\/v2\/media\/-1"}],"wp:attachment":[{"href":"http:\/\/veracruzdemontilla.com\/index.php?rest_route=%2Fwp%2Fv2%2Fmedia&parent=230"}],"curies":[{"name":"wp","href":"https:\/\/api.w.org\/{rel}","templated":true}]}}