{"id":211,"date":"2013-07-24T10:21:18","date_gmt":"2013-07-24T10:21:18","guid":{"rendered":"http:\/\/veracruzdemontilla.com\/?page_id=211"},"modified":"2025-04-19T19:05:30","modified_gmt":"2025-04-19T17:05:30","slug":"santa-maria-del-socorro","status":"publish","type":"page","link":"http:\/\/veracruzdemontilla.com\/?page_id=211","title":{"rendered":"Santa Mar\u00eda del Socorro"},"content":{"rendered":"<p align=\"justify\">El domingo 11 de diciembre de 2005, la parroquia de Santiago Ap\u00f3stol se visti\u00f3 de gala para acoger la solemne bendici\u00f3n de la nueva imagen de Santa Mar\u00eda del Socorro, cotitular de la Cofrad\u00eda Penitencial de la Santa Vera Cruz. En una eucarist\u00eda presidida por el can\u00f3nigo magistral de la Santa Iglesia Catedral (SIC) de C\u00f3rdoba, Don Fernando Cruz-Conde y Su\u00e1rez de Tangil, la hermandad m\u00e1s antigua de la localidad -cuyos or\u00edgenes se remontan a los primeros lustros del siglo XVI- recuperaba una advocaci\u00f3n \u00edntimamente ligada al lugar en el que recibi\u00f3 sus aguas bautismales uno de los m\u00e1s grandes militares de la historia: El Gran Capit\u00e1n.<\/p>\n<p align=\"justify\"><a href=\"https:\/\/i0.wp.com\/veracruzdemontilla.com\/wp-content\/uploads\/2013\/07\/IMG_4823.jpg\"><img data-attachment-id=\"213\" data-permalink=\"http:\/\/veracruzdemontilla.com\/?attachment_id=213\" data-orig-file=\"https:\/\/i0.wp.com\/veracruzdemontilla.com\/wp-content\/uploads\/2013\/07\/IMG_4823.jpg?fit=2048%2C3072\" data-orig-size=\"2048,3072\" data-comments-opened=\"1\" data-image-meta=\"{&quot;aperture&quot;:&quot;5&quot;,&quot;credit&quot;:&quot;&quot;,&quot;camera&quot;:&quot;Canon EOS 300D DIGITAL&quot;,&quot;caption&quot;:&quot;&quot;,&quot;created_timestamp&quot;:&quot;1144501180&quot;,&quot;copyright&quot;:&quot;&quot;,&quot;focal_length&quot;:&quot;60&quot;,&quot;iso&quot;:&quot;100&quot;,&quot;shutter_speed&quot;:&quot;2&quot;,&quot;title&quot;:&quot;&quot;}\" data-image-title=\"IMG_4823\" data-image-description=\"\" data-image-caption=\"\" data-medium-file=\"https:\/\/i0.wp.com\/veracruzdemontilla.com\/wp-content\/uploads\/2013\/07\/IMG_4823.jpg?fit=200%2C300\" data-large-file=\"https:\/\/i0.wp.com\/veracruzdemontilla.com\/wp-content\/uploads\/2013\/07\/IMG_4823.jpg?fit=682%2C1024\" loading=\"lazy\" class=\"size-medium wp-image-213 alignleft\" src=\"https:\/\/i0.wp.com\/veracruzdemontilla.com\/wp-content\/uploads\/2013\/07\/IMG_4823.jpg?resize=200%2C300\" alt=\"IMG_4823\" width=\"200\" height=\"300\" srcset=\"https:\/\/i0.wp.com\/veracruzdemontilla.com\/wp-content\/uploads\/2013\/07\/IMG_4823.jpg?resize=200%2C300 200w, https:\/\/i0.wp.com\/veracruzdemontilla.com\/wp-content\/uploads\/2013\/07\/IMG_4823.jpg?resize=682%2C1024 682w, https:\/\/i0.wp.com\/veracruzdemontilla.com\/wp-content\/uploads\/2013\/07\/IMG_4823.jpg?resize=600%2C900 600w, https:\/\/i0.wp.com\/veracruzdemontilla.com\/wp-content\/uploads\/2013\/07\/IMG_4823.jpg?resize=900%2C1350 900w, https:\/\/i0.wp.com\/veracruzdemontilla.com\/wp-content\/uploads\/2013\/07\/IMG_4823.jpg?w=2048 2048w\" sizes=\"(max-width: 200px) 100vw, 200px\" data-recalc-dims=\"1\" \/><\/a>\u201cLa advocaci\u00f3n del Socorro fue introducida y difundida en Espa\u00f1a por las huestes de Gonzalo Fern\u00e1ndez de C\u00f3rdoba, quien la trajo desde el reino de N\u00e1poles en los primeros a\u00f1os del siglo XVI\u201d, explic\u00f3 el investigador Antonio Luis Jim\u00e9nez, hermano mayor de la cofrad\u00eda, quien destac\u00f3 que \u201clos primeros manuscritos de los archivos locales ratifican que la devoci\u00f3n a la Madre de Dios del Socorro surge en Montilla hacia 1510\u201d. Por este motivo, los hermanos de la Vera Cruz estuvieron bien acompa\u00f1ados por la mayor parte de los miembros de la C\u00e1tedra Gran Capit\u00e1n, con su presidente -el alcalde de Montilla, Don Antonio Carpio- a la cabeza.<\/p>\n<p align=\"justify\">La nueva talla, realizada por el artista cordob\u00e9s Antonio Bernal, fue apadrinada por la condesa de Prado Castellano, Do\u00f1a Carmen Jim\u00e9nez-Alfaro y Salas, en una ceremonia concelebrada en la que tambi\u00e9n intervinieron el can\u00f3nigo de la SIC, Don Antonio Le\u00f3n Ort\u00edz y el consiliario de la Hermandad, Don Miguel Varona Villar, quien agradeci\u00f3 la presencia de los representantes de las cofrad\u00edas montillanas, as\u00ed como de las autoridades civiles y militares.<\/p>\n<p align=\"justify\">El autor de la obra, Antonio Bernal, se mostr\u00f3 \u201corgulloso y muy contento por la acogida que ha tenido la imagen y tambi\u00e9n por el recibimiento que se le ha hecho\u201d y destac\u00f3 que en su fase creativa, influy\u00f3 el caracter\u00edstico estilo barroco colonial del crucificado de Zacatecas. \u201cMe plante\u00e9 buscar una madre realmente dolida, a los pies del Se\u00f1or, y que evocara el dolor que sufre Cristo en la cruz\u201d, afirm\u00f3.<\/p>\n<p align=\"justify\"><a href=\"https:\/\/i1.wp.com\/veracruzdemontilla.com\/wp-content\/uploads\/2013\/07\/IMG_4847.jpg\"><img data-attachment-id=\"214\" data-permalink=\"http:\/\/veracruzdemontilla.com\/?attachment_id=214\" data-orig-file=\"https:\/\/i1.wp.com\/veracruzdemontilla.com\/wp-content\/uploads\/2013\/07\/IMG_4847.jpg?fit=3072%2C2048\" data-orig-size=\"3072,2048\" data-comments-opened=\"1\" data-image-meta=\"{&quot;aperture&quot;:&quot;3.5&quot;,&quot;credit&quot;:&quot;&quot;,&quot;camera&quot;:&quot;Canon EOS 300D DIGITAL&quot;,&quot;caption&quot;:&quot;&quot;,&quot;created_timestamp&quot;:&quot;1144502231&quot;,&quot;copyright&quot;:&quot;&quot;,&quot;focal_length&quot;:&quot;18&quot;,&quot;iso&quot;:&quot;100&quot;,&quot;shutter_speed&quot;:&quot;0.4&quot;,&quot;title&quot;:&quot;&quot;}\" data-image-title=\"IMG_4847\" data-image-description=\"\" data-image-caption=\"\" data-medium-file=\"https:\/\/i1.wp.com\/veracruzdemontilla.com\/wp-content\/uploads\/2013\/07\/IMG_4847.jpg?fit=300%2C200\" data-large-file=\"https:\/\/i1.wp.com\/veracruzdemontilla.com\/wp-content\/uploads\/2013\/07\/IMG_4847.jpg?fit=1024%2C682\" loading=\"lazy\" class=\"size-medium wp-image-214 alignright\" src=\"https:\/\/i1.wp.com\/veracruzdemontilla.com\/wp-content\/uploads\/2013\/07\/IMG_4847.jpg?resize=300%2C200\" alt=\"IMG_4847\" width=\"300\" height=\"200\" srcset=\"https:\/\/i1.wp.com\/veracruzdemontilla.com\/wp-content\/uploads\/2013\/07\/IMG_4847.jpg?resize=300%2C200 300w, https:\/\/i1.wp.com\/veracruzdemontilla.com\/wp-content\/uploads\/2013\/07\/IMG_4847.jpg?resize=1024%2C682 1024w, https:\/\/i1.wp.com\/veracruzdemontilla.com\/wp-content\/uploads\/2013\/07\/IMG_4847.jpg?resize=600%2C400 600w, https:\/\/i1.wp.com\/veracruzdemontilla.com\/wp-content\/uploads\/2013\/07\/IMG_4847.jpg?resize=900%2C600 900w, https:\/\/i1.wp.com\/veracruzdemontilla.com\/wp-content\/uploads\/2013\/07\/IMG_4847.jpg?w=2000 2000w, https:\/\/i1.wp.com\/veracruzdemontilla.com\/wp-content\/uploads\/2013\/07\/IMG_4847.jpg?w=3000 3000w\" sizes=\"(max-width: 300px) 100vw, 300px\" data-recalc-dims=\"1\" \/><\/a>Tras la ceremonia, que cont\u00f3 con la participaci\u00f3n del coro de la Hermandad del Sagrado Descendimiento, Santa Mar\u00eda del Socorro qued\u00f3 expuesta en besamanos durante toda la jornada, siendo numerosos los montillanos que se acercaron hasta la parroquia de Santiago para contemplar la \u00faltima obra del maestro Bernal. En referencia a \u00e9ste, el responsable de la Vera Cruz afirm\u00f3 durante la ceremonia que \u201cla gubia barroca de este genio cordob\u00e9s ha devuelto a Montilla una de sus im\u00e1genes devocionales marianas m\u00e1s antiguas\u201d.<\/p>\n<p align=\"justify\"><strong>Cofrad\u00eda Penitencial de la Santa Vera Cruz<\/strong><\/p>\n<p align=\"justify\">\u00a0<\/p>\n<hr class=\"wp-block-separator\"\/>\n<h2>Galer\u00eda de Santa Mar\u00eda del Socorro<\/h2>\n<div class=\"wp-block-jetpack-slideshow aligncenter\" data-effect=\"slide\">\n<div class=\"wp-block-jetpack-slideshow_container swiper-container\">\n<ul class=\"wp-block-jetpack-slideshow_swiper-wrapper swiper-wrapper\">\n<li class=\"wp-block-jetpack-slideshow_slide swiper-slide\">\n<figure><img loading=\"lazy\" width=\"768\" height=\"960\" alt=\"\" class=\"wp-block-jetpack-slideshow_image wp-image-2220\" data-id=\"2220\" src=\"https:\/\/i2.wp.com\/veracruzdemontilla.com\/wp-content\/uploads\/2025\/04\/101013147_10217375191591077_8297386502405488640_n.jpg?resize=768%2C960\" srcset=\"https:\/\/i2.wp.com\/veracruzdemontilla.com\/wp-content\/uploads\/2025\/04\/101013147_10217375191591077_8297386502405488640_n.jpg?w=768 768w, https:\/\/i2.wp.com\/veracruzdemontilla.com\/wp-content\/uploads\/2025\/04\/101013147_10217375191591077_8297386502405488640_n.jpg?resize=240%2C300 240w, https:\/\/i2.wp.com\/veracruzdemontilla.com\/wp-content\/uploads\/2025\/04\/101013147_10217375191591077_8297386502405488640_n.jpg?resize=600%2C750 600w\" sizes=\"(max-width: 768px) 100vw, 768px\" data-recalc-dims=\"1\" \/><\/figure>\n<\/li>\n<li class=\"wp-block-jetpack-slideshow_slide swiper-slide\">\n<figure><img loading=\"lazy\" width=\"820\" height=\"1024\" alt=\"\" class=\"wp-block-jetpack-slideshow_image wp-image-2218\" data-id=\"2218\" src=\"https:\/\/i0.wp.com\/veracruzdemontilla.com\/wp-content\/uploads\/2025\/04\/480364441_10228335683716530_7159120133034756703_n.jpg?resize=820%2C1024\" srcset=\"https:\/\/i0.wp.com\/veracruzdemontilla.com\/wp-content\/uploads\/2025\/04\/480364441_10228335683716530_7159120133034756703_n.jpg?resize=820%2C1024 820w, https:\/\/i0.wp.com\/veracruzdemontilla.com\/wp-content\/uploads\/2025\/04\/480364441_10228335683716530_7159120133034756703_n.jpg?resize=240%2C300 240w, https:\/\/i0.wp.com\/veracruzdemontilla.com\/wp-content\/uploads\/2025\/04\/480364441_10228335683716530_7159120133034756703_n.jpg?resize=768%2C959 768w, https:\/\/i0.wp.com\/veracruzdemontilla.com\/wp-content\/uploads\/2025\/04\/480364441_10228335683716530_7159120133034756703_n.jpg?resize=1229%2C1536 1229w, https:\/\/i0.wp.com\/veracruzdemontilla.com\/wp-content\/uploads\/2025\/04\/480364441_10228335683716530_7159120133034756703_n.jpg?resize=600%2C750 600w, https:\/\/i0.wp.com\/veracruzdemontilla.com\/wp-content\/uploads\/2025\/04\/480364441_10228335683716530_7159120133034756703_n.jpg?w=1440 1440w\" sizes=\"(max-width: 820px) 100vw, 820px\" data-recalc-dims=\"1\" \/><\/figure>\n<\/li>\n<li class=\"wp-block-jetpack-slideshow_slide swiper-slide\">\n<figure><img loading=\"lazy\" width=\"819\" height=\"1024\" alt=\"\" class=\"wp-block-jetpack-slideshow_image wp-image-2226\" data-id=\"2226\" src=\"https:\/\/i0.wp.com\/veracruzdemontilla.com\/wp-content\/uploads\/2025\/04\/339250948_892907208609044_6974271563705338323_n.jpg?resize=819%2C1024\" srcset=\"https:\/\/i0.wp.com\/veracruzdemontilla.com\/wp-content\/uploads\/2025\/04\/339250948_892907208609044_6974271563705338323_n.jpg?resize=819%2C1024 819w, https:\/\/i0.wp.com\/veracruzdemontilla.com\/wp-content\/uploads\/2025\/04\/339250948_892907208609044_6974271563705338323_n.jpg?resize=240%2C300 240w, https:\/\/i0.wp.com\/veracruzdemontilla.com\/wp-content\/uploads\/2025\/04\/339250948_892907208609044_6974271563705338323_n.jpg?resize=768%2C960 768w, https:\/\/i0.wp.com\/veracruzdemontilla.com\/wp-content\/uploads\/2025\/04\/339250948_892907208609044_6974271563705338323_n.jpg?resize=1229%2C1536 1229w, https:\/\/i0.wp.com\/veracruzdemontilla.com\/wp-content\/uploads\/2025\/04\/339250948_892907208609044_6974271563705338323_n.jpg?resize=600%2C750 600w, https:\/\/i0.wp.com\/veracruzdemontilla.com\/wp-content\/uploads\/2025\/04\/339250948_892907208609044_6974271563705338323_n.jpg?w=1440 1440w\" sizes=\"(max-width: 819px) 100vw, 819px\" data-recalc-dims=\"1\" \/><\/figure>\n<\/li>\n<li class=\"wp-block-jetpack-slideshow_slide swiper-slide\">\n<figure><img loading=\"lazy\" width=\"768\" height=\"960\" alt=\"\" class=\"wp-block-jetpack-slideshow_image wp-image-2227\" data-id=\"2227\" src=\"https:\/\/i2.wp.com\/veracruzdemontilla.com\/wp-content\/uploads\/2025\/04\/467156087_10227567504072519_760057924653533607_n.jpg?resize=768%2C960\" srcset=\"https:\/\/i2.wp.com\/veracruzdemontilla.com\/wp-content\/uploads\/2025\/04\/467156087_10227567504072519_760057924653533607_n.jpg?w=768 768w, https:\/\/i2.wp.com\/veracruzdemontilla.com\/wp-content\/uploads\/2025\/04\/467156087_10227567504072519_760057924653533607_n.jpg?resize=240%2C300 240w, https:\/\/i2.wp.com\/veracruzdemontilla.com\/wp-content\/uploads\/2025\/04\/467156087_10227567504072519_760057924653533607_n.jpg?resize=600%2C750 600w\" sizes=\"(max-width: 768px) 100vw, 768px\" data-recalc-dims=\"1\" \/><\/figure>\n<\/li>\n<li class=\"wp-block-jetpack-slideshow_slide swiper-slide\">\n<figure><img loading=\"lazy\" width=\"768\" height=\"1024\" alt=\"\" class=\"wp-block-jetpack-slideshow_image wp-image-2221\" data-id=\"2221\" src=\"https:\/\/i2.wp.com\/veracruzdemontilla.com\/wp-content\/uploads\/2025\/04\/438170147_10225716068787794_8279911517641065297_n.jpg?resize=768%2C1024\" srcset=\"https:\/\/i2.wp.com\/veracruzdemontilla.com\/wp-content\/uploads\/2025\/04\/438170147_10225716068787794_8279911517641065297_n.jpg?resize=768%2C1024 768w, https:\/\/i2.wp.com\/veracruzdemontilla.com\/wp-content\/uploads\/2025\/04\/438170147_10225716068787794_8279911517641065297_n.jpg?resize=225%2C300 225w, https:\/\/i2.wp.com\/veracruzdemontilla.com\/wp-content\/uploads\/2025\/04\/438170147_10225716068787794_8279911517641065297_n.jpg?resize=1152%2C1536 1152w, https:\/\/i2.wp.com\/veracruzdemontilla.com\/wp-content\/uploads\/2025\/04\/438170147_10225716068787794_8279911517641065297_n.jpg?resize=600%2C800 600w, https:\/\/i2.wp.com\/veracruzdemontilla.com\/wp-content\/uploads\/2025\/04\/438170147_10225716068787794_8279911517641065297_n.jpg?w=1536 1536w\" sizes=\"(max-width: 768px) 100vw, 768px\" data-recalc-dims=\"1\" \/><\/figure>\n<\/li>\n<li class=\"wp-block-jetpack-slideshow_slide swiper-slide\">\n<figure><img loading=\"lazy\" width=\"768\" height=\"1024\" alt=\"\" class=\"wp-block-jetpack-slideshow_image wp-image-2225\" data-id=\"2225\" src=\"https:\/\/i0.wp.com\/veracruzdemontilla.com\/wp-content\/uploads\/2025\/04\/417700324_10225530798516153_1530475309049532908_n.jpg?resize=768%2C1024\" srcset=\"https:\/\/i0.wp.com\/veracruzdemontilla.com\/wp-content\/uploads\/2025\/04\/417700324_10225530798516153_1530475309049532908_n.jpg?resize=768%2C1024 768w, https:\/\/i0.wp.com\/veracruzdemontilla.com\/wp-content\/uploads\/2025\/04\/417700324_10225530798516153_1530475309049532908_n.jpg?resize=225%2C300 225w, https:\/\/i0.wp.com\/veracruzdemontilla.com\/wp-content\/uploads\/2025\/04\/417700324_10225530798516153_1530475309049532908_n.jpg?resize=1152%2C1536 1152w, https:\/\/i0.wp.com\/veracruzdemontilla.com\/wp-content\/uploads\/2025\/04\/417700324_10225530798516153_1530475309049532908_n.jpg?resize=600%2C800 600w, https:\/\/i0.wp.com\/veracruzdemontilla.com\/wp-content\/uploads\/2025\/04\/417700324_10225530798516153_1530475309049532908_n.jpg?w=1536 1536w\" sizes=\"(max-width: 768px) 100vw, 768px\" data-recalc-dims=\"1\" \/><\/figure>\n<\/li>\n<li class=\"wp-block-jetpack-slideshow_slide swiper-slide\">\n<figure><img loading=\"lazy\" width=\"768\" height=\"1024\" alt=\"\" class=\"wp-block-jetpack-slideshow_image wp-image-2224\" data-id=\"2224\" src=\"https:\/\/i1.wp.com\/veracruzdemontilla.com\/wp-content\/uploads\/2025\/04\/417700405_10225378632712103_605526090085337368_n.jpg?resize=768%2C1024\" srcset=\"https:\/\/i1.wp.com\/veracruzdemontilla.com\/wp-content\/uploads\/2025\/04\/417700405_10225378632712103_605526090085337368_n.jpg?resize=768%2C1024 768w, https:\/\/i1.wp.com\/veracruzdemontilla.com\/wp-content\/uploads\/2025\/04\/417700405_10225378632712103_605526090085337368_n.jpg?resize=225%2C300 225w, https:\/\/i1.wp.com\/veracruzdemontilla.com\/wp-content\/uploads\/2025\/04\/417700405_10225378632712103_605526090085337368_n.jpg?resize=1152%2C1536 1152w, https:\/\/i1.wp.com\/veracruzdemontilla.com\/wp-content\/uploads\/2025\/04\/417700405_10225378632712103_605526090085337368_n.jpg?resize=600%2C800 600w, https:\/\/i1.wp.com\/veracruzdemontilla.com\/wp-content\/uploads\/2025\/04\/417700405_10225378632712103_605526090085337368_n.jpg?w=1536 1536w\" sizes=\"(max-width: 768px) 100vw, 768px\" data-recalc-dims=\"1\" \/><\/figure>\n<\/li>\n<li class=\"wp-block-jetpack-slideshow_slide swiper-slide\">\n<figure><img loading=\"lazy\" width=\"768\" height=\"960\" alt=\"\" class=\"wp-block-jetpack-slideshow_image wp-image-2219\" data-id=\"2219\" src=\"https:\/\/i2.wp.com\/veracruzdemontilla.com\/wp-content\/uploads\/2025\/04\/73306681_10215452441683531_5212981852184248320_n.jpg?resize=768%2C960\" srcset=\"https:\/\/i2.wp.com\/veracruzdemontilla.com\/wp-content\/uploads\/2025\/04\/73306681_10215452441683531_5212981852184248320_n.jpg?w=768 768w, https:\/\/i2.wp.com\/veracruzdemontilla.com\/wp-content\/uploads\/2025\/04\/73306681_10215452441683531_5212981852184248320_n.jpg?resize=240%2C300 240w, https:\/\/i2.wp.com\/veracruzdemontilla.com\/wp-content\/uploads\/2025\/04\/73306681_10215452441683531_5212981852184248320_n.jpg?resize=600%2C750 600w\" sizes=\"(max-width: 768px) 100vw, 768px\" data-recalc-dims=\"1\" \/><\/figure>\n<\/li>\n<li class=\"wp-block-jetpack-slideshow_slide swiper-slide\">\n<figure><img loading=\"lazy\" width=\"768\" height=\"960\" alt=\"\" class=\"wp-block-jetpack-slideshow_image wp-image-2223\" data-id=\"2223\" src=\"https:\/\/i1.wp.com\/veracruzdemontilla.com\/wp-content\/uploads\/2025\/04\/167141727_10219707515097707_8847367821615387098_n.jpg?resize=768%2C960\" srcset=\"https:\/\/i1.wp.com\/veracruzdemontilla.com\/wp-content\/uploads\/2025\/04\/167141727_10219707515097707_8847367821615387098_n.jpg?w=768 768w, https:\/\/i1.wp.com\/veracruzdemontilla.com\/wp-content\/uploads\/2025\/04\/167141727_10219707515097707_8847367821615387098_n.jpg?resize=240%2C300 240w, https:\/\/i1.wp.com\/veracruzdemontilla.com\/wp-content\/uploads\/2025\/04\/167141727_10219707515097707_8847367821615387098_n.jpg?resize=600%2C750 600w\" sizes=\"(max-width: 768px) 100vw, 768px\" data-recalc-dims=\"1\" \/><\/figure>\n<\/li>\n<li class=\"wp-block-jetpack-slideshow_slide swiper-slide\">\n<figure><img loading=\"lazy\" width=\"768\" height=\"960\" alt=\"\" class=\"wp-block-jetpack-slideshow_image wp-image-2222\" data-id=\"2222\" src=\"https:\/\/i1.wp.com\/veracruzdemontilla.com\/wp-content\/uploads\/2025\/04\/Quinario-2018.jpg?resize=768%2C960\" srcset=\"https:\/\/i1.wp.com\/veracruzdemontilla.com\/wp-content\/uploads\/2025\/04\/Quinario-2018.jpg?w=768 768w, https:\/\/i1.wp.com\/veracruzdemontilla.com\/wp-content\/uploads\/2025\/04\/Quinario-2018.jpg?resize=240%2C300 240w, https:\/\/i1.wp.com\/veracruzdemontilla.com\/wp-content\/uploads\/2025\/04\/Quinario-2018.jpg?resize=600%2C750 600w\" sizes=\"(max-width: 768px) 100vw, 768px\" data-recalc-dims=\"1\" \/><\/figure>\n<\/li>\n<li class=\"wp-block-jetpack-slideshow_slide swiper-slide\">\n<figure><img loading=\"lazy\" width=\"768\" height=\"960\" alt=\"\" class=\"wp-block-jetpack-slideshow_image wp-image-2217\" data-id=\"2217\" src=\"https:\/\/i0.wp.com\/veracruzdemontilla.com\/wp-content\/uploads\/2025\/04\/176127747_10219853980479250_4444108865571835555_n.jpg?resize=768%2C960\" srcset=\"https:\/\/i0.wp.com\/veracruzdemontilla.com\/wp-content\/uploads\/2025\/04\/176127747_10219853980479250_4444108865571835555_n.jpg?w=768 768w, https:\/\/i0.wp.com\/veracruzdemontilla.com\/wp-content\/uploads\/2025\/04\/176127747_10219853980479250_4444108865571835555_n.jpg?resize=240%2C300 240w, https:\/\/i0.wp.com\/veracruzdemontilla.com\/wp-content\/uploads\/2025\/04\/176127747_10219853980479250_4444108865571835555_n.jpg?resize=600%2C750 600w\" sizes=\"(max-width: 768px) 100vw, 768px\" data-recalc-dims=\"1\" \/><\/figure>\n<\/li>\n<\/ul>\n<p><a class=\"wp-block-jetpack-slideshow_button-prev swiper-button-prev swiper-button-white\" role=\"button\"><\/a><a class=\"wp-block-jetpack-slideshow_button-next swiper-button-next swiper-button-white\" role=\"button\"><\/a><a aria-label=\"Pause Slideshow\" class=\"wp-block-jetpack-slideshow_button-pause\" role=\"button\"><\/a><\/p>\n<div class=\"wp-block-jetpack-slideshow_pagination swiper-pagination swiper-pagination-white\"><\/div>\n<\/div>\n<\/div>\n","protected":false},"excerpt":{"rendered":"<p>El domingo 11 de diciembre de 2005, la parroquia de Santiago Ap\u00f3stol se visti\u00f3 de gala para acoger la solemne bendici\u00f3n de la nueva imagen de Santa Mar\u00eda del Socorro, cotitular de la Cofrad\u00eda Penitencial de la Santa Vera Cruz. En una eucarist\u00eda presidida por el can\u00f3nigo magistral de la Santa Iglesia Catedral (SIC) de [&#038;hellip<\/p>\n","protected":false},"author":1,"featured_media":0,"parent":0,"menu_order":0,"comment_status":"open","ping_status":"open","template":"","meta":{"advanced_seo_description":"","spay_email":""},"wpmagazine_modules_lite_featured_media_urls":{"thumbnail":"","cvmm-medium":"","cvmm-medium-plus":"","cvmm-portrait":"","cvmm-medium-square":"","cvmm-large":"","cvmm-small":"","full":""},"categories_names":null,"comments_number":"0","jetpack_sharing_enabled":true,"jetpack_shortlink":"https:\/\/wp.me\/P9INPk-3p","jetpack_likes_enabled":true,"jetpack-related-posts":[{"id":1907,"url":"http:\/\/veracruzdemontilla.com\/?page_id=1907","url_meta":{"origin":211,"position":0},"title":"Magno V\u00eda Crucis","date":"27 marzo, 2025","format":false,"excerpt":"C\u00f3rdoba V\u00eda Sacra de Occidente V\u00eddeo promocional MagnoVCOR25 realizado por La Sangre y La Gloria El 11 de octubre de 2025, en el marco de los actos conmemorativos del 600 aniversario de la instauraci\u00f3n del rezo del v\u00eda crucis en la Iglesia de Occidente de la mano del beato \u00c1lvaro\u2026","rel":"","context":"Entrada similar","img":{"alt_text":"","src":"https:\/\/i2.wp.com\/veracruzdemontilla.com\/wp-content\/uploads\/2025\/03\/Via-Crucis-Magno_Zacatecas.jpg?fit=960%2C1200&resize=350%2C200","width":350,"height":200},"classes":[]},{"id":2,"url":"http:\/\/veracruzdemontilla.com\/?page_id=2","url_meta":{"origin":211,"position":1},"title":"Historia","date":"23 julio, 2013","format":false,"excerpt":"El mes de abril de 2005 trajo para los hermanos de la Santa Vera Cruz una magn\u00edfica noticia: el obispo de C\u00f3rdoba, Juan Jos\u00e9 Asenjo, confirmaba la erecci\u00f3n can\u00f3nica de la Hermandad m\u00e1s antigua de la localidad, cuyas primeras referencias hist\u00f3ricas datan de la primera mitad del siglo XVI. Desde\u2026","rel":"","context":"Entrada similar","img":{"alt_text":"","src":"https:\/\/i0.wp.com\/veracruzdemontilla.com\/wp-content\/uploads\/2013\/07\/historia1a-300x225.jpg?resize=350%2C200","width":350,"height":200},"classes":[]},{"id":247,"url":"http:\/\/veracruzdemontilla.com\/?page_id=247","url_meta":{"origin":211,"position":2},"title":"Nombramiento como Hermano Mayor Honorario","date":"24 julio, 2013","format":false,"excerpt":"El 11 de enero de 2008 la Cofrad\u00eda Penitencial de la Santa Vera Cruz decidi\u00f3 reunida en Cabildo General Extraordinario de Hermanos la distinci\u00f3n honor\u00edfica como Hermano Mayor de la Cofrad\u00eda al Regimiento de Infanter\u00eda Mecanizada \u201cC\u00f3rdoba\u201d 10, nombramiento que se hizo efectivo el domingo 10 de febrero de 2008\u2026","rel":"","context":"Entrada similar","img":{"alt_text":"","src":"https:\/\/i1.wp.com\/veracruzdemontilla.com\/wp-content\/uploads\/2013\/07\/nombramiento01.jpg?resize=350%2C200","width":350,"height":200},"classes":[]},{"id":217,"url":"http:\/\/veracruzdemontilla.com\/?page_id=217","url_meta":{"origin":211,"position":3},"title":"Patrimonio","date":"24 julio, 2013","format":false,"excerpt":"El cortejo de la Cofrad\u00eda Penitencial de la Santa Vera Cruz se abre con la Cruz de Gu\u00eda, una pieza an\u00f3nima del siglo XVII, realizada en madera policromada y que alberga la pintura de un crucificado. Asimismo, abriendo el tramo de nazarenos, la Hermandad lleva su estandarte corporativo, realizado en\u2026","rel":"","context":"Entrada similar","img":{"alt_text":"","src":"","width":0,"height":0},"classes":[]},{"id":227,"url":"http:\/\/veracruzdemontilla.com\/?page_id=227","url_meta":{"origin":211,"position":4},"title":"Estaci\u00f3n de Penitencia","date":"24 julio, 2013","format":false,"excerpt":"La Estaci\u00f3n de Penitencia de la Cofrad\u00eda de la Santa Vera Cruz tiene lugar en la tarde-noche del Martes Santo, tal y como recogen sus estatutos. En ese momento, las puertas de la Iglesia parroquial de Santiago se abren al pueblo de Montilla, que se enluta bajo la imponente torre\u2026","rel":"","context":"Entrada similar","img":{"alt_text":"","src":"","width":0,"height":0},"classes":[]},{"id":1549,"url":"http:\/\/veracruzdemontilla.com\/?page_id=1549","url_meta":{"origin":211,"position":5},"title":"Pol\u00edtica de privacidad","date":"19 abril, 2018","format":false,"excerpt":"Conforme a la Ley Org\u00e1nica 15\/1999, de 13 de diciembre, de protecci\u00f3n de datos de car\u00e1cter personal (en adelante LOPD) y al Real Decreto 1720\/2007, de 21 de diciembre, por el que se aprueba el reglamento de desarrollo de la LOPD (en adelante RDLOPD), se informa al usuario que voluntariamente\u2026","rel":"","context":"Entrada similar","img":{"alt_text":"","src":"","width":0,"height":0},"classes":[]}],"_links":{"self":[{"href":"http:\/\/veracruzdemontilla.com\/index.php?rest_route=\/wp\/v2\/pages\/211"}],"collection":[{"href":"http:\/\/veracruzdemontilla.com\/index.php?rest_route=\/wp\/v2\/pages"}],"about":[{"href":"http:\/\/veracruzdemontilla.com\/index.php?rest_route=\/wp\/v2\/types\/page"}],"author":[{"embeddable":true,"href":"http:\/\/veracruzdemontilla.com\/index.php?rest_route=\/wp\/v2\/users\/1"}],"replies":[{"embeddable":true,"href":"http:\/\/veracruzdemontilla.com\/index.php?rest_route=%2Fwp%2Fv2%2Fcomments&post=211"}],"version-history":[{"count":6,"href":"http:\/\/veracruzdemontilla.com\/index.php?rest_route=\/wp\/v2\/pages\/211\/revisions"}],"predecessor-version":[{"id":2231,"href":"http:\/\/veracruzdemontilla.com\/index.php?rest_route=\/wp\/v2\/pages\/211\/revisions\/2231"}],"wp:attachment":[{"href":"http:\/\/veracruzdemontilla.com\/index.php?rest_route=%2Fwp%2Fv2%2Fmedia&parent=211"}],"curies":[{"name":"wp","href":"https:\/\/api.w.org\/{rel}","templated":true}]}}